f 742973433?
3
What is the hundred millions digit of 771086657?
7
What is the ten thousands digit of 326756667?
5
What is the millions digit of 136456259?
6
What is the tens digit of 25056032?
3
What is the thousands digit of 61462747?
2
What is the hundred thousands digit of 72788276?
7
What is the ten thousands digit of 183264568?
6
What is the ten millions digit of 69847212?
6
What is the ten thousands digit of 32051340?
5
What is the hundred millions digit of 931379605?
9
What is the millions digit of 185146125?
5
What is the millions digit of 384487860?
4
What is the ten thousands digit of 30743725?
4
What is the units digit of 79145263?
3
What is the millions digit of 123687034?
3
What is the ten millions digit of 2105658450?
0
What is the hundreds digit of 477680614?
6
What is the hundred thousands digit of 201794702?
7
What is the ten millions digit of 98037270?
9
What is the hundred millions digit of 871881869?
8
What is the tens digit of 93281271?
7
What is the ten thousands digit of 3720412?
2
What is the ten thousands digit of 345306683?
0
What is the hundred millions digit of 158796083?
1
What is the units digit of 198248019?
9
What is the thousands digit of 2143053559?
3
What is the hundred thousands digit of 2464127171?
1
What is the hundred millions digit of 1766675425?
7
What is the hundred thousands digit of 68404551?
4
What is the ten millions digit of 224859966?
2
What is the tens digit of 59534900?
0
What is the millions digit of 1664024525?
4
What is the ten thousands digit of 4198623?
9
What is the hundred thousands digit of 2844143082?
1
What is the tens digit of 45110178?
7
What is the millions digit of 227047187?
7
What is the thousands digit of 167329142?
9
What is the ten thousands digit of 2846954624?
5
What is the ten millions digit of 927638022?
2
What is the hundred millions digit of 309278516?
3
What is the hundred millions digit of 240884064?
2
What is the ten millions digit of 1737350949?
3
What is the hundreds digit of 82921204?
2
What is the units digit of 61295371?
1
What is the thousands digit of 329398574?
8
What is the millions digit of 656841203?
6
What is the tens digit of 453179713?
1
What is the ten millions digit of 776690434?
7
What is the hundred thousands digit of 70403218?
4
What is the tens digit of 2824691189?
8
What is the hundred thousands digit of 253222?
2
What is the ten millions digit of 12626657?
1
What is the millions digit of 265589496?
5
What is the millions digit of 4994762?
4
What is the millions digit of 713877976?
3
What is the hundred millions digit of 190423052?
1
What is the thousands digit of 725111387?
1
What is the ten millions digit of 85040632?
8
What is the tens digit of 69661662?
6
What is the thousands digit of 227805709?
5
What is the units digit of 55989419?
9
What is the hundreds digit of 241210632?
6
What is the ten thousands digit of 229914934?
1
What is the hundred thousands digit of 6389473?
3
What is the hundred thousands digit of 868574250?
5
What is the tens digit of 471128443?
4
What is the ten millions digit of 1847301643?
4
What is the hundred thousands digit of 44228391?
2
What is the hundred thousands digit of 40405048?
4
What is the hundred millions digit of 112216031?
1
What is the ten millions digit of 2312858354?
1
What is the hundred thousands digit of 55470022?
4
What is the thousands digit of 24210062?
0
What is the billions digit of 1039740639?
1
What is the ten thousands digit of 2058985130?
8
What is the hundred thousands digit of 1845939097?
9
What is the hundred thousands digit of 56452900?
4
What is the ten thousands digit of 46263548?
6
What is the millions digit of 369928369?
9
What is the hundred millions digit of 4345803389?
3
What is the hundred thousands digit of 33980525?
9
What is the thousands digit of 28443809?
3
What is the hundred thousands digit of 94735911?
7
What is the ten thousands digit of 41459097?
5
What is the hundreds digit of 35019637?
6
What is the units digit of 316257225?
5
What is the hundreds digit of 37374800?
8
What is the millions digit of 36353595?
6
What is the hundred thousands digit of 2465694096?
6
What is the hundreds digit of 1196387122?
1
What is the ten thousands digit of 1893010665?
1
What is the tens digit of 56882190?
9
What is the units digit of 67223802?
2
What is the millions digit of 18329322?
8
What is the ten millions digit of 34514163?
3
What is the hundreds digit of 45479346?
3
What is the tens digit of 1014423052?
5
What is the thousands digit of 20441261?
1
What is the units digit of 245508150?
0
What is the ten thousands digit of 330132686?
3
What is the tens digit of 1252421643?
4
What is the units digit of 77838072?
2
What is the hundred thousands digit of 66801237?
8
What is the thousands digit of 133896962?
6
What is the hundreds digit of 550916045?
0
What is the thousands digit of 307612950?
2
What is the hundreds digit of 340810953?
9
What is the ten thousands digit of 2620062384?
6
What is the tens digit of 335631918?
1
What is the ten thousands digit of 3291200903?
0
What is the hundred thousands digit of 65050921?
0
What is the ten millions digit of 2141510136?
4
What is the millions digit of 4094000765?
4
What is the hundred thousands digit of 45288457?
2
What is the ten millions digit of 591278787?
9
What is the ten thousands digit of 52772470?
7
What is the hundreds digit of 2275165529?
5
What is the millions digit of 25147150?
5
What is the hundred thousands digit of 202098543?
0
What is the hundreds digit of 220235413?
4
What is the ten millions digit of 2460493575?
6
What is the hundred thousands digit of 440171953?
1
What is the ten thousands digit of 403759994?
5
What is the units digit of 33707740?
0
What is the hundreds digit of 3814545?
5
What is the hundreds digit of 3111495191?
1
What is the hundred thousands digit of 367662581?
6
What is the tens digit of 32297744?
4
What is the tens digit of 508850761?
6
What is the units digit of 469366797?
7
What is the hundreds digit of 1834943157?
1
What is the billions digit of 2562506831?
2
What is the units digit of 2641760804?
4
What is the tens digit of 41998582?
8
What is the hundred thousands digit of 1364286112?
2
What is the hundreds digit of 2330339833?
8
What is the hundred thousands digit of 83670641?
6
What is the hundreds digit of 828904269?
2
What is the hundreds digit of 495664607?
6
What is the hundreds digit of 134198161?
1
What is the thousands digit of 25967639?
7
What is the millions digit of 23981900?
3
What is the hundreds digit of 75321817?
8
What is the tens digit of 4640837469?
6
What is the tens digit of 4240745149?
4
What is the hundred thousands digit of 231820211?
8
What is the hundred thousands digit of 645609052?
6
What is the ten thousands digit of 121153687?
5
What is the hundreds digit of 142522444?
4
What is the hundreds digit of 220465233?
2
What is the ten millions digit of 25942265?
2
What is the ten millions digit of 2469098957?
6
What is the hundred thousands digit of 1860908745?
9
What is the units digit of 359631127?
7
What is the hundreds digit of 683117458?
4
What is the hundreds digit of 153680079?
0
What is the tens digit of 2190219753?
5
What is the ten thousands digit of 179294869?
9
What is the ten thousands digit of 193901311?
0
What is the millions digit of 67746085?
7
What is the thousands digit of 1228310304?
0
What is the ten thousands digit of 28956547?
5
What is the ten millions digit of 4813387565?
1
What is the thousands digit of 36751386?
1
What is the ten millions digit of 13694276?
1
What is the billions digit of 1637030884?
1
What is the ten thousands digit of 802636902?
3
What is the millions digit of 618864708?
8
What is the units digit of 76912018?
8
What is the millions digit of 47468236?
7
What is the hundred millions digit of 1411595096?
4
What is the units digit of 39764878?
8
What is the hundred thousands digit of 18242487?
2
What is the thousands digit of 779304548?
4
What is the ten thousands digit of 187018082?
1
What is the tens digit of 5499871?
7
What is the thousands digit of 23266825?
6
What is the hundred thousands digit of 1773523735?
5
What is the millions digit of 217014675?
7
What is the ten millions digit of 490280047?
9
What is the milli